{"version":"1.0","type":"rich","width":"560px","height":"140px","title":"Heike Kleffner \u00fcber den Terror-Prozess, Reichsb\u00fcrger und die Gruppe um Prinz Reu\u00df - Im April begannen vor dem Oberlandesgericht in Stuttgart die Verhandlung zu einem Fall, der sogar international f\u00fcr Schlagzeilen gesorgt hat. ","url":"https:\/\/www.denkangebot.org\/allgemein\/heike-kleffner-ueber-den-terror-prozess-reichsbuerger-und-die-gruppe-um-prinz-reuss\/","author_name":"Denkangebot Podcast - Deine Dosis Politik","author_url":"https:\/\/www.denkangebot.org","thumbnail_url":"https:\/\/www.denkangebot.org\/wp-content\/uploads\/Heike-Kleffner-Denkangebot-Podcast.jpg","html":"<iframe width=\"560px\" height=\"140px\" src=\"https:\/\/www.denkangebot.org\/allgemein\/heike-kleffner-ueber-den-terror-prozess-reichsbuerger-und-die-gruppe-um-prinz-reuss\/?standalonePlayer\"><\/iframe>"}

Heike Kleffner über den Terror-Prozess, Reichsbürger und die Gruppe um Prinz Reuß - Im April begannen vor dem Oberlandesgericht in Stuttgart die Verhandlung zu einem Fall, der sogar international für Schlagzeilen gesorgt hat.
